{"id":1316,"date":"2016-11-02T07:27:56","date_gmt":"2016-11-02T07:27:56","guid":{"rendered":"http:\/\/kroth:8888\/?page_id=1316"},"modified":"2021-01-31T21:36:23","modified_gmt":"2021-02-01T03:36:23","slug":"equipos-de-computo-en-panama-accesorios","status":"publish","type":"page","link":"http:\/\/www.ienasaj.com\/index.php\/soluciones-de-software\/equipos-de-computo-en-panama-accesorios\/","title":{"rendered":"Accesorios y equipos de C\u00f3mputo en Panam\u00e1"},"content":{"rendered":"<p>[vc_row][vc_column][vc_row_inner][vc_column_inner width=\u00bb1\/4&#8243;][vc_wp_custommenu nav_menu=\u00bb64&#8243;][\/vc_column_inner][vc_column_inner width=\u00bb3\/4&#8243;][vc_column_text css=\u00bb.vc_custom_1611200549178{margin-bottom: 20px !important;}\u00bb]<\/p>\n<h2>EQUIPOS DE C\u00d3MPUTO Y ACCESORIOS<\/h2>\n<p>[\/vc_column_text][vc_single_image image=\u00bb2249&#8243; img_size=\u00bbfull\u00bb alignment=\u00bbcenter\u00bb style=\u00bbvc_box_rounded\u00bb el_class=\u00bbrounded-three\u00bb css=\u00bb.vc_custom_1611170694693{margin-bottom: 15px !important;}\u00bb][vc_column_text css=\u00bb.vc_custom_1612150578628{margin-bottom: 20px !important;}\u00bb]<\/p>\n<p style=\"text-align: justify;\">Hemos ampliado nuestro portafolio de equipos de c\u00f3mputo y suministros en Panam\u00e1 porque queremos complementar las necesidades empresariales de las compa\u00f1\u00edas que lo requieren.<\/p>\n<p>Todas las empresas tienen una necesidad diferente de tecnolog\u00eda o equipos de c\u00f3mputo. Dependiendo de su actividad comercial y de las labores propias del cargo del usuario del equipo, deben elegir lo ideal para ellos.<\/p>\n<p style=\"text-align: justify;\">Consulte nuestro amplio portafolio de equipos fiscales y de c\u00f3mputo en general:<\/p>\n<p>[\/vc_column_text][vc_empty_space height=\u00bb40px\u00bb][\/vc_column_inner][\/vc_row_inner][vc_row_inner][vc_column_inner width=\u00bb1\/3&#8243; css=\u00bb.vc_custom_1610770591317{background-color: #ededed !important;border-radius: 15px !important;}\u00bb][vc_column_text]<\/p>\n<h3 style=\"text-align: left;\">Cons\u00faltenos Para Brindarle m\u00e1s Detalles<\/h3>\n<p>[\/vc_column_text][vc_empty_space height=\u00bb20px\u00bb][vc_btn title=\u00bbEscr\u00edbenos por Telegram o Whatsapp +507 6868-7292&#8243; style=\u00bbflat\u00bb shape=\u00bbsquare\u00bb color=\u00bbinfo\u00bb size=\u00bblg\u00bb align=\u00bbcenter\u00bb i_icon_fontawesome=\u00bbfas fa-phone-volume\u00bb css_animation=\u00bbbounceIn\u00bb button_block=\u00bbtrue\u00bb add_icon=\u00bbtrue\u00bb link=\u00bburl:callto%3A50768687292&#8243;][vc_btn title=\u00bbD\u00e9jenos sus datos para contactarle\u00bb style=\u00bbflat\u00bb shape=\u00bbsquare\u00bb color=\u00bbinfo\u00bb size=\u00bblg\u00bb align=\u00bbcenter\u00bb i_icon_fontawesome=\u00bbfas fa-envelope\u00bb css_animation=\u00bbbounceIn\u00bb button_block=\u00bbtrue\u00bb add_icon=\u00bbtrue\u00bb link=\u00bburl:http%3A%2F%2Fienasaj.com%2Findex.php%2Fcontacto%2F|title:Contacto\u00bb][vc_empty_space height=\u00bb50px\u00bb][\/vc_column_inner][vc_column_inner width=\u00bb1\/3&#8243;][vc_column_text]<\/p>\n<h3><strong>Accesorios para Computadores<\/strong><\/h3>\n<p>[\/vc_column_text]<ul class=\"list-one  krth-list-69e1b483927e0\"><li>Cables<\/li><li>Accesorios para computadores de mesa y port\u00e1tiles<\/li><li>Repuestos, recambios o complementos para servidores<\/li><\/ul>[vc_empty_space][vc_column_text]<strong>Computadores<\/strong>[\/vc_column_text]<ul class=\"list-one  krth-list-69e1b4839282f\"><li>Equipos todo en uno y computadores de mesa<\/li><li>Port\u00e1tiles<\/li><li>Servidores<\/li><li>2 en 1<\/li><\/ul>[\/vc_column_inner][vc_column_inner width=\u00bb1\/3&#8243;][vc_column_text]<strong>Monitores, Televisores y Accesorios<\/strong><\/p>\n<p><strong>Dispositivos de almacenamiento<\/strong><\/p>\n<p><strong>Componentes inform\u00e1ticos<\/strong>[\/vc_column_text]<ul class=\"list-one  krth-list-69e1b4839286e\"><li>Barebones, ventiladores, sistemas de enfriamiento, tarjetas madre (motherboards o placas madres), Fuentes de Poder, Procesadores, Tarjetas de Video<\/li><li>Memorias Flash USB, Memoria de Lectores de Medios, M\u00f3dulos RAM<\/li><\/ul>[vc_column_text]<strong>Proyectores, accesorios, l\u00e1mparas, pantallas<\/strong><\/p>\n<p><strong>Perif\u00e9ricos, tabletas digitales, auriculares, manos libres, teclados, ratones, parlantes, USB HUBS<\/strong><\/p>\n<p><strong>Protectores de Poder, accesorios, UPS\/respaldo de energ\u00eda, voltaje\/reguladores de energ\u00eda<\/strong>[\/vc_column_text][\/vc_column_inner][\/vc_row_inner][\/vc_column][\/vc_row][vc_row][vc_column][vc_column_text]<strong>Encuentra las Mejores soluciones<\/strong> en <a href=\"http:\/\/www.ienasaj.com\/index.php\/soluciones\/software-erp-espanol\/\" target=\"_blank\" rel=\"noopener noreferrer\"><strong>Software Administrativo Empresarial<\/strong><\/a>, <a href=\"http:\/\/www.ienasaj.com\/index.php\/soluciones\/facturacion-electronica\/\" target=\"_blank\" rel=\"noopener noreferrer\"><strong>Factura Electr\u00f3nica para Colombia y Costa Rica<\/strong><\/a>, <a href=\"http:\/\/www.ienasaj.com\/index.php\/soluciones\/impresora-fiscal-y-software-en-panama\/\" target=\"_blank\" rel=\"noopener noreferrer\"><strong>Impresora Fiscal en Panam\u00e1<\/strong><\/a> y <a href=\"http:\/\/www.ienasaj.com\/index.php\/soluciones\/software-administrativo-android\/\" target=\"_blank\" rel=\"noopener noreferrer\"><strong>Software Administrativo para m\u00f3viles<\/strong><\/a>. Sigue nuestra <strong><a href=\"https:\/\/www.facebook.com\/informaticaespecializadanasaj\/\" target=\"_blank\" rel=\"noopener noreferrer\">p\u00e1gina en Facebook<\/a><\/strong> y nuestra <a href=\"https:\/\/www.instagram.com\/informaticaespecializada\/\" target=\"_blank\" rel=\"noopener noreferrer\"><strong>cuenta en Instagram<\/strong><\/a>.[\/vc_column_text][\/vc_column][\/vc_row][vc_row][vc_column][vc_column_text]<\/p>\n<h2>Soluciones<\/h2>\n<h3><a href=\"http:\/\/www.ienasaj.com\/index.php\/soluciones-de-software\/software-erp-espanol\/\" target=\"_blank\" rel=\"noopener noreferrer\">Software ERP SCAD<\/a><\/h3>\n<p>Primero tenemos que hablarte del Software ERP SCAD. Por lo tanto debemos decirte que un sistema de gesti\u00f3n que combina el trabajo de todas las \u00e1reas de la empresa. Este completo sistema de gesti\u00f3n ERP hace f\u00e1cil la planificaci\u00f3n de recursos.<\/p>\n<p>Igualmente se encarga de distintas operaciones internas de tu empresa. En primer lugar est\u00e1 la producci\u00f3n. Tambi\u00e9n el inventario, la contabilidad, la distribuci\u00f3n. Otro podr\u00eda ser, los recursos humanos. Debido a ello logra la automatizaci\u00f3n de procesos.<\/p>\n<h3><a href=\"http:\/\/www.ienasaj.com\/index.php\/soluciones-de-software\/software-administrativo-para-moviles-android\/\" target=\"_blank\" rel=\"noopener noreferrer\">Software Administrativo para M\u00f3viles Android<\/a><\/h3>\n<p>En segundo lugar te contamos que SCAD ahora cuenta con una versi\u00f3n Software Administrativo para M\u00f3viles (TABLETAS, TEL\u00c9FONOS INTELIGENTES). Por esta raz\u00f3n ya puede realizar todas las operaciones como si fuera una estaci\u00f3n m\u00e1s de trabajo en tu empresa.<\/p>\n<h3><a href=\"http:\/\/www.ienasaj.com\/index.php\/soluciones-de-software\/facturacion-electronica\/\" target=\"_blank\" rel=\"noopener noreferrer\">Facturaci\u00f3n Electr\u00f3nica<\/a><\/h3>\n<p>Finalmente podemos decirte que es un sistema modular que funciona en integraci\u00f3n o independiente de SCAD ERP. As\u00ed logra que el proceso de adaptaci\u00f3n de su empresa a este requerimiento sea muy f\u00e1cil. Son varios los pa\u00edses que de Latinoam\u00e9rica que han incorporado este tipo de facturaci\u00f3n en sus procesos fiscales.[\/vc_column_text][\/vc_column][\/vc_row][vc_row full_width=\u00bbstretch_row\u00bb overlay_dotted=\u00bb\u00bb css=\u00bb.vc_custom_1481544649204{margin-top: 40px !important;}\u00bb][vc_column]<div class=\"krth-cta krth-cta-one cta-cnt-left \"><div class=\"krth-cta-cnt \" ><p><span style=\"color: #ffffff;\"><strong>Servicio al Cliente<\/strong> <span style=\"padding-left: 15px;\">Estamos atentos a los requerimientos de su negocio<\/span><\/span><\/p>\n<\/div><a class=\"krth-btn btn-secondary  vc_custom_1610771723537 btn-medium krth-btn-69e1b4839299d btn-hover-one btn-icon-left rounded-three \" href=\"http:\/\/www.ienasaj.com\/index.php\/contacto\/\"><span class=\"btn-text\">Cont\u00e1ctenos<\/span><\/a><\/div>[\/vc_column][\/vc_row]<\/p>\n","protected":false},"excerpt":{"rendered":"[vc_row][vc_column][vc_row_inner][vc_column_inner width=\u00bb1\/4&#8243;][vc_wp_custommenu nav_menu=\u00bb64&#8243;][\/vc_column_inner][vc_column_inner width=\u00bb3\/4&#8243;][vc_column_text css=\u00bb.vc_custom_1611200549178{margin-bottom: 20px !important;}\u00bb] EQUIPOS DE C\u00d3MPUTO Y ACCESORIOS [\/vc_column_text][vc_single_image image=\u00bb2249&#8243; img_size=\u00bbfull\u00bb alignment=\u00bbcenter\u00bb style=\u00bbvc_box_rounded\u00bb el_class=\u00bbrounded-three\u00bb css=\u00bb.vc_custom_1611170694693{margin-bottom: 15px !important;}\u00bb][vc_column_text css=\u00bb.vc_custom_1612150578628{margin-bottom: 20px !important;}\u00bb] Hemos ampliado nuestro portafolio de equipos de c\u00f3mputo y suministros en Panam\u00e1 porque queremos complementar las necesidades empresariales de las compa\u00f1\u00edas que lo requieren. Todas las empresas tienen una necesidad diferente[&#8230;]","protected":false},"author":1,"featured_media":2382,"parent":588,"menu_order":0,"comment_status":"closed","ping_status":"closed","template":"","meta":[],"yoast_head":"<!-- This site is optimized with the Yoast SEO plugin v18.8 - https:\/\/yoast.com\/wordpress\/plugins\/seo\/ -->\n<title>Equipos de C\u00f3mputo en Panam\u00e1 | Inform\u00e1tica Especializada NASAJ<\/title>\n<meta name=\"description\" content=\"Portafolio de equipos de c\u00f3mputo en Panam\u00e1 y suministros para compa\u00f1\u00edas que lo requieren. Consulte nuestro amplio portafolio.\" \/>\n<meta name=\"robots\" content=\"index, follow, max-snippet:-1, max-image-preview:large, max-video-preview:-1\" \/>\n<link rel=\"canonical\" href=\"http:\/\/www.ienasaj.com\/index.php\/soluciones-de-software\/equipos-de-computo-en-panama-accesorios\/\" \/>\n<meta property=\"og:locale\" content=\"es_ES\" \/>\n<meta property=\"og:type\" content=\"article\" \/>\n<meta property=\"og:title\" content=\"Equipos de C\u00f3mputo en Panam\u00e1 | Inform\u00e1tica Especializada NASAJ\" \/>\n<meta property=\"og:description\" content=\"Portafolio de equipos de c\u00f3mputo en Panam\u00e1 y suministros para compa\u00f1\u00edas que lo requieren. Consulte nuestro amplio portafolio.\" \/>\n<meta property=\"og:url\" content=\"http:\/\/www.ienasaj.com\/index.php\/soluciones-de-software\/equipos-de-computo-en-panama-accesorios\/\" \/>\n<meta property=\"og:site_name\" content=\"Inform\u00e1tica Especializada NASAJ\" \/>\n<meta property=\"article:publisher\" content=\"https:\/\/www.facebook.com\/informaticaespecializadanasaj\" \/>\n<meta property=\"article:modified_time\" content=\"2021-02-01T03:36:23+00:00\" \/>\n<meta property=\"og:image\" content=\"http:\/\/www.ienasaj.com\/wp-content\/uploads\/2021\/01\/equipos-de-computo-en-panama-accesorios-y-tecnologia-1.jpg\" \/>\n\t<meta property=\"og:image:width\" content=\"586\" \/>\n\t<meta property=\"og:image:height\" content=\"532\" \/>\n\t<meta property=\"og:image:type\" content=\"image\/jpeg\" \/>\n<meta name=\"twitter:card\" content=\"summary_large_image\" \/>\n<meta name=\"twitter:site\" content=\"@ienasaj\" \/>\n<meta name=\"twitter:label1\" content=\"Tiempo de lectura\" \/>\n\t<meta name=\"twitter:data1\" content=\"2 minutos\" \/>\n<script type=\"application\/ld+json\" class=\"yoast-schema-graph\">{\"@context\":\"https:\/\/schema.org\",\"@graph\":[{\"@type\":\"Organization\",\"@id\":\"http:\/\/www.ienasaj.com\/#organization\",\"name\":\"Inform\u00e1tica Especializada Nasaj\",\"url\":\"http:\/\/www.ienasaj.com\/\",\"sameAs\":[\"https:\/\/www.facebook.com\/informaticaespecializadanasaj\",\"https:\/\/www.instagram.com\/ienasaj\/\",\"https:\/\/www.linkedin.com\/company\/inform\u00e1tica-especializada-nasaj\/\",\"https:\/\/www.youtube.com\/user\/infnasaj\",\"https:\/\/twitter.com\/ienasaj\"],\"logo\":{\"@type\":\"ImageObject\",\"inLanguage\":\"es\",\"@id\":\"http:\/\/www.ienasaj.com\/#\/schema\/logo\/image\/\",\"url\":\"http:\/\/www.ienasaj.com\/wp-content\/uploads\/2020\/12\/logo_ienasaj-erp-nuevo-th.png\",\"contentUrl\":\"http:\/\/www.ienasaj.com\/wp-content\/uploads\/2020\/12\/logo_ienasaj-erp-nuevo-th.png\",\"width\":140,\"height\":47,\"caption\":\"Inform\u00e1tica Especializada Nasaj\"},\"image\":{\"@id\":\"http:\/\/www.ienasaj.com\/#\/schema\/logo\/image\/\"}},{\"@type\":\"WebSite\",\"@id\":\"http:\/\/www.ienasaj.com\/#website\",\"url\":\"http:\/\/www.ienasaj.com\/\",\"name\":\"Inform\u00e1tica Especializada NASAJ\",\"description\":\"Software ERP para gesti\u00f3n empresarial, software y soluciones empresariales latinoamerica\",\"publisher\":{\"@id\":\"http:\/\/www.ienasaj.com\/#organization\"},\"potentialAction\":[{\"@type\":\"SearchAction\",\"target\":{\"@type\":\"EntryPoint\",\"urlTemplate\":\"http:\/\/www.ienasaj.com\/?s={search_term_string}\"},\"query-input\":\"required name=search_term_string\"}],\"inLanguage\":\"es\"},{\"@type\":\"ImageObject\",\"inLanguage\":\"es\",\"@id\":\"http:\/\/www.ienasaj.com\/index.php\/soluciones-de-software\/equipos-de-computo-en-panama-accesorios\/#primaryimage\",\"url\":\"http:\/\/www.ienasaj.com\/wp-content\/uploads\/2021\/01\/equipos-de-computo-en-panama-accesorios-y-tecnologia-1.jpg\",\"contentUrl\":\"http:\/\/www.ienasaj.com\/wp-content\/uploads\/2021\/01\/equipos-de-computo-en-panama-accesorios-y-tecnologia-1.jpg\",\"width\":586,\"height\":532,\"caption\":\"Equipos de C\u00f3mputo en Panam\u00e1\"},{\"@type\":\"WebPage\",\"@id\":\"http:\/\/www.ienasaj.com\/index.php\/soluciones-de-software\/equipos-de-computo-en-panama-accesorios\/#webpage\",\"url\":\"http:\/\/www.ienasaj.com\/index.php\/soluciones-de-software\/equipos-de-computo-en-panama-accesorios\/\",\"name\":\"Equipos de C\u00f3mputo en Panam\u00e1 | Inform\u00e1tica Especializada NASAJ\",\"isPartOf\":{\"@id\":\"http:\/\/www.ienasaj.com\/#website\"},\"primaryImageOfPage\":{\"@id\":\"http:\/\/www.ienasaj.com\/index.php\/soluciones-de-software\/equipos-de-computo-en-panama-accesorios\/#primaryimage\"},\"datePublished\":\"2016-11-02T07:27:56+00:00\",\"dateModified\":\"2021-02-01T03:36:23+00:00\",\"description\":\"Portafolio de equipos de c\u00f3mputo en Panam\u00e1 y suministros para compa\u00f1\u00edas que lo requieren. Consulte nuestro amplio portafolio.\",\"breadcrumb\":{\"@id\":\"http:\/\/www.ienasaj.com\/index.php\/soluciones-de-software\/equipos-de-computo-en-panama-accesorios\/#breadcrumb\"},\"inLanguage\":\"es\",\"potentialAction\":[{\"@type\":\"ReadAction\",\"target\":[\"http:\/\/www.ienasaj.com\/index.php\/soluciones-de-software\/equipos-de-computo-en-panama-accesorios\/\"]}]},{\"@type\":\"BreadcrumbList\",\"@id\":\"http:\/\/www.ienasaj.com\/index.php\/soluciones-de-software\/equipos-de-computo-en-panama-accesorios\/#breadcrumb\",\"itemListElement\":[{\"@type\":\"ListItem\",\"position\":1,\"name\":\"Home\",\"item\":\"http:\/\/www.ienasaj.com\/\"},{\"@type\":\"ListItem\",\"position\":2,\"name\":\"Soluciones\",\"item\":\"http:\/\/www.ienasaj.com\/index.php\/soluciones-de-software\/\"},{\"@type\":\"ListItem\",\"position\":3,\"name\":\"Accesorios y equipos de C\u00f3mputo en Panam\u00e1\"}]}]}<\/script>\n<!-- \/ Yoast SEO plugin. -->","yoast_head_json":{"title":"Equipos de C\u00f3mputo en Panam\u00e1 | Inform\u00e1tica Especializada NASAJ","description":"Portafolio de equipos de c\u00f3mputo en Panam\u00e1 y suministros para compa\u00f1\u00edas que lo requieren. Consulte nuestro amplio portafolio.","robots":{"index":"index","follow":"follow","max-snippet":"max-snippet:-1","max-image-preview":"max-image-preview:large","max-video-preview":"max-video-preview:-1"},"canonical":"http:\/\/www.ienasaj.com\/index.php\/soluciones-de-software\/equipos-de-computo-en-panama-accesorios\/","og_locale":"es_ES","og_type":"article","og_title":"Equipos de C\u00f3mputo en Panam\u00e1 | Inform\u00e1tica Especializada NASAJ","og_description":"Portafolio de equipos de c\u00f3mputo en Panam\u00e1 y suministros para compa\u00f1\u00edas que lo requieren. Consulte nuestro amplio portafolio.","og_url":"http:\/\/www.ienasaj.com\/index.php\/soluciones-de-software\/equipos-de-computo-en-panama-accesorios\/","og_site_name":"Inform\u00e1tica Especializada NASAJ","article_publisher":"https:\/\/www.facebook.com\/informaticaespecializadanasaj","article_modified_time":"2021-02-01T03:36:23+00:00","og_image":[{"width":586,"height":532,"url":"http:\/\/www.ienasaj.com\/wp-content\/uploads\/2021\/01\/equipos-de-computo-en-panama-accesorios-y-tecnologia-1.jpg","type":"image\/jpeg"}],"twitter_card":"summary_large_image","twitter_site":"@ienasaj","twitter_misc":{"Tiempo de lectura":"2 minutos"},"schema":{"@context":"https:\/\/schema.org","@graph":[{"@type":"Organization","@id":"http:\/\/www.ienasaj.com\/#organization","name":"Inform\u00e1tica Especializada Nasaj","url":"http:\/\/www.ienasaj.com\/","sameAs":["https:\/\/www.facebook.com\/informaticaespecializadanasaj","https:\/\/www.instagram.com\/ienasaj\/","https:\/\/www.linkedin.com\/company\/inform\u00e1tica-especializada-nasaj\/","https:\/\/www.youtube.com\/user\/infnasaj","https:\/\/twitter.com\/ienasaj"],"logo":{"@type":"ImageObject","inLanguage":"es","@id":"http:\/\/www.ienasaj.com\/#\/schema\/logo\/image\/","url":"http:\/\/www.ienasaj.com\/wp-content\/uploads\/2020\/12\/logo_ienasaj-erp-nuevo-th.png","contentUrl":"http:\/\/www.ienasaj.com\/wp-content\/uploads\/2020\/12\/logo_ienasaj-erp-nuevo-th.png","width":140,"height":47,"caption":"Inform\u00e1tica Especializada Nasaj"},"image":{"@id":"http:\/\/www.ienasaj.com\/#\/schema\/logo\/image\/"}},{"@type":"WebSite","@id":"http:\/\/www.ienasaj.com\/#website","url":"http:\/\/www.ienasaj.com\/","name":"Inform\u00e1tica Especializada NASAJ","description":"Software ERP para gesti\u00f3n empresarial, software y soluciones empresariales latinoamerica","publisher":{"@id":"http:\/\/www.ienasaj.com\/#organization"},"potentialAction":[{"@type":"SearchAction","target":{"@type":"EntryPoint","urlTemplate":"http:\/\/www.ienasaj.com\/?s={search_term_string}"},"query-input":"required name=search_term_string"}],"inLanguage":"es"},{"@type":"ImageObject","inLanguage":"es","@id":"http:\/\/www.ienasaj.com\/index.php\/soluciones-de-software\/equipos-de-computo-en-panama-accesorios\/#primaryimage","url":"http:\/\/www.ienasaj.com\/wp-content\/uploads\/2021\/01\/equipos-de-computo-en-panama-accesorios-y-tecnologia-1.jpg","contentUrl":"http:\/\/www.ienasaj.com\/wp-content\/uploads\/2021\/01\/equipos-de-computo-en-panama-accesorios-y-tecnologia-1.jpg","width":586,"height":532,"caption":"Equipos de C\u00f3mputo en Panam\u00e1"},{"@type":"WebPage","@id":"http:\/\/www.ienasaj.com\/index.php\/soluciones-de-software\/equipos-de-computo-en-panama-accesorios\/#webpage","url":"http:\/\/www.ienasaj.com\/index.php\/soluciones-de-software\/equipos-de-computo-en-panama-accesorios\/","name":"Equipos de C\u00f3mputo en Panam\u00e1 | Inform\u00e1tica Especializada NASAJ","isPartOf":{"@id":"http:\/\/www.ienasaj.com\/#website"},"primaryImageOfPage":{"@id":"http:\/\/www.ienasaj.com\/index.php\/soluciones-de-software\/equipos-de-computo-en-panama-accesorios\/#primaryimage"},"datePublished":"2016-11-02T07:27:56+00:00","dateModified":"2021-02-01T03:36:23+00:00","description":"Portafolio de equipos de c\u00f3mputo en Panam\u00e1 y suministros para compa\u00f1\u00edas que lo requieren. Consulte nuestro amplio portafolio.","breadcrumb":{"@id":"http:\/\/www.ienasaj.com\/index.php\/soluciones-de-software\/equipos-de-computo-en-panama-accesorios\/#breadcrumb"},"inLanguage":"es","potentialAction":[{"@type":"ReadAction","target":["http:\/\/www.ienasaj.com\/index.php\/soluciones-de-software\/equipos-de-computo-en-panama-accesorios\/"]}]},{"@type":"BreadcrumbList","@id":"http:\/\/www.ienasaj.com\/index.php\/soluciones-de-software\/equipos-de-computo-en-panama-accesorios\/#breadcrumb","itemListElement":[{"@type":"ListItem","position":1,"name":"Home","item":"http:\/\/www.ienasaj.com\/"},{"@type":"ListItem","position":2,"name":"Soluciones","item":"http:\/\/www.ienasaj.com\/index.php\/soluciones-de-software\/"},{"@type":"ListItem","position":3,"name":"Accesorios y equipos de C\u00f3mputo en Panam\u00e1"}]}]}},"_links":{"self":[{"href":"http:\/\/www.ienasaj.com\/index.php\/wp-json\/wp\/v2\/pages\/1316"}],"collection":[{"href":"http:\/\/www.ienasaj.com\/index.php\/wp-json\/wp\/v2\/pages"}],"about":[{"href":"http:\/\/www.ienasaj.com\/index.php\/wp-json\/wp\/v2\/types\/page"}],"author":[{"embeddable":true,"href":"http:\/\/www.ienasaj.com\/index.php\/wp-json\/wp\/v2\/users\/1"}],"replies":[{"embeddable":true,"href":"http:\/\/www.ienasaj.com\/index.php\/wp-json\/wp\/v2\/comments?post=1316"}],"version-history":[{"count":51,"href":"http:\/\/www.ienasaj.com\/index.php\/wp-json\/wp\/v2\/pages\/1316\/revisions"}],"predecessor-version":[{"id":2694,"href":"http:\/\/www.ienasaj.com\/index.php\/wp-json\/wp\/v2\/pages\/1316\/revisions\/2694"}],"up":[{"embeddable":true,"href":"http:\/\/www.ienasaj.com\/index.php\/wp-json\/wp\/v2\/pages\/588"}],"wp:featuredmedia":[{"embeddable":true,"href":"http:\/\/www.ienasaj.com\/index.php\/wp-json\/wp\/v2\/media\/2382"}],"wp:attachment":[{"href":"http:\/\/www.ienasaj.com\/index.php\/wp-json\/wp\/v2\/media?parent=1316"}],"curies":[{"name":"wp","href":"https:\/\/api.w.org\/{rel}","templated":true}]}}