{"id":2197,"date":"2021-01-16T01:49:14","date_gmt":"2021-01-16T01:49:14","guid":{"rendered":"http:\/\/www.ienasaj.com\/?page_id=2197"},"modified":"2021-01-28T15:34:42","modified_gmt":"2021-01-28T21:34:42","slug":"facturacion-electronica-para-costa-rica-regimen-simplificado","status":"publish","type":"page","link":"http:\/\/www.ienasaj.com\/index.php\/soluciones-de-software\/facturacion-electronica-para-costa-rica-regimen-simplificado\/","title":{"rendered":"Facturaci\u00f3n Electr\u00f3nica para Costa Rica"},"content":{"rendered":"<p>[vc_row][vc_column width=\u00bb1\/4&#8243;][\/vc_column][vc_column width=\u00bb3\/4&#8243;][vc_single_image image=\u00bb2176&#8243; img_size=\u00bbfull\u00bb alignment=\u00bbcenter\u00bb el_class=\u00bbrounded-three\u00bb css=\u00bb.vc_custom_1610761801156{margin-bottom: 25px !important;}\u00bb][vc_column_text css=\u00bb.vc_custom_1611286091709{margin-bottom: 5px !important;}\u00bb]<\/p>\n<p style=\"text-align: justify;\">Facturaci\u00f3n Electr\u00f3nica para Costa Rica. As\u00ed que si su peque\u00f1a empresa est\u00e1 lista para brindar servicios a otras compa\u00f1\u00edas m\u00e1s grandes, nuestro Software de Facturaci\u00f3n Electr\u00f3nica MiNegocio le brinda una opci\u00f3n econ\u00f3mica. Con ella tendr\u00e1 ventajas competitivas que aseguren esas nuevas oportunidades de ventas, m\u00e1s y mejores negocios.<\/p>\n<p>[\/vc_column_text][vc_column_text css=\u00bb.vc_custom_1611286412198{margin-bottom: 5px !important;}\u00bb]<\/p>\n<p style=\"text-align: justify;\">Su emprendimiento o peque\u00f1a empresa puede lograr asociaciones y ventas significativas contando con la facturaci\u00f3n electr\u00f3nica desde ya.<\/p>\n<p style=\"text-align: justify;\">Sabemos que Hacienda a\u00fan no est\u00e1 exigiendo a los peque\u00f1os empresarios pasar a la facturaci\u00f3n electr\u00f3nica. No obstante, muchas grandes empresas requieren que sus proveedores de confianza generen sus cobros acorde con los sistemas y procesos internos que ellos mismos han implementado con la renovaci\u00f3n hacia facturaci\u00f3n electr\u00f3nica que el pa\u00eds ha estado manejando en los \u00faltimos a\u00f1os.<\/p>\n<h3><strong><a title=\"Qu\u00e9 M\u00e1s Tiene SCAD ERP\" href=\"http:\/\/www.ienasaj.com\/index.php\/soluciones\/software-erp-espanol\/\" target=\"_blank\" rel=\"noopener noreferrer\">Conoce todas las funcionalidades de SCAD Mi Negocio Aqu\u00ed<\/a><\/strong><\/h3>\n<p>[\/vc_column_text][vc_separator color=\u00bbcustom\u00bb accent_color=\u00bb#eeeeee\u00bb css=\u00bb.vc_custom_1471606716600{margin-top: 15px !important;margin-bottom: 15px !important;}\u00bb][vc_column_text]<\/p>\n<h3>Negocios que deben registrarse como R\u00e9gimen Simplificado en Costa Rica<\/h3>\n<p>[\/vc_column_text][vc_row_inner][vc_column_inner width=\u00bb1\/2&#8243;][vc_column_text]<\/p>\n<p style=\"text-align: justify;\">Tenga en cuenta que el R\u00e9gimen de Tributaci\u00f3n simplificada es ideal para peque\u00f1os negocios. Se acogen quienes registren compras anuales no mayores a 150 salarios base y con activos que no superen los 350 salarios base.<\/p>\n<p style=\"text-align: justify;\">Ha sido la alternativa de formalizaci\u00f3n empresarial para restaurantes, sodas, bares, florister\u00edas, comercios minoristas, estudios fotogr\u00e1ficos, fabricantes de calzado artesanal, fabricantes de muebles, panader\u00edas, pescadores, taxistas con un solo veh\u00edculo.<\/p>\n<p style=\"text-align: justify;\">Las limitaciones adem\u00e1s se dan por el n\u00famero de empleados que tenga la empresa. Para el caso son hasta 5.<\/p>\n<p style=\"text-align: justify;\">Recuerde tambi\u00e9n que aunque este r\u00e9gimen no obliga a tener una contabilidad formal, s\u00ed es necesario que cada trimestre presente su declaraci\u00f3n de ventas y guarde todas las facturas que respalden las compras efectuadas.<\/p>\n<p>[\/vc_column_text][\/vc_column_inner][vc_column_inner width=\u00bb1\/2&#8243;][vc_column_text]<\/p>\n<p style=\"text-align: justify;\">Llevar una contabilidad completa como otros tipos de negocios no es obligatorio pero facilita el control de su negocio. Adem\u00e1s, la emisi\u00f3n de la factura autorizada puede no ser obligatoria a menos de que su cliente o que la venta efectuada lo requiera (una venta en la que cada mercanc\u00eda est\u00e9 5% por encima del salario base).<\/p>\n<p style=\"text-align: justify;\">Podemos asesorarlo y acompa\u00f1arlo para que nuestro software le d\u00e9 la estructura y control administrativo esencial para cumplir con la tributaci\u00f3n. \u00a1Y sobretodo con las exigencias de sus clientes!<\/p>\n<p>[\/vc_column_text][\/vc_column_inner][\/vc_row_inner][\/vc_column][\/vc_row][vc_row][vc_column width=\u00bb1\/4&#8243;][vc_column_text]<\/p>\n<h3>Cons\u00faltenos Para Asesorarlo Sobre Este Servicio<\/h3>\n<p style=\"text-align: left;\">\u00bfM\u00e1s Informaci\u00f3n?<\/p>\n<p><a href=\"http:\/\/www.ienasaj.com\/index.php\/contacto\/\">Cont\u00e1ctenos<\/a><\/p>\n<p>&nbsp;<\/p>\n<p>&nbsp;<\/p>\n<p>&nbsp;<\/p>\n<p>[\/vc_column_text][\/vc_column][vc_column width=\u00bb3\/4&#8243;]<div id=\"accordion\" class=\"accordion collapse-others  krth-panel-two\"><div class=\"card panel-default\">\n                      <div class=\"card-header\" id=\"headingOne069e1b7f38fe5d\">\n                        <h4 class=\"accordion-title panel-heading\"><button class=\"btn btn-link panel-title collapsed\" data-toggle=\"collapse\" data-target=\"#blsptAcc-069e1b7f38fe5d\" aria-expanded=\"true\" aria-controls=\"blsptAcc-069e1b7f38fe5d\"><span>\u00bfQui\u00e9nes pueden utilizar el R\u00e9gimen de Tributaci\u00f3n Simplificada?<\/span>\n                          <\/button><\/h4>\n                      <\/div>\n                      <div id=\"blsptAcc-069e1b7f38fe5d\" class=\"collapse \" data-parent=\"#accordion\">\n                        <div class=\"card-body panel-body\">\n                          [vc_column_text]<\/p>\n<p style=\"text-align: justify;\">Es una opci\u00f3n que pueden usar los peque\u00f1os negocios: bares, cantinas, tabernas, florister\u00edas, estudios fotogr\u00e1ficos, fabricantes de calzado artesanal, de muebles y accesorios. Tambi\u00e9n gran parte de comercios minoristas. Se les facilita el manejo de la contabilidad y les permite declarar con base en sus compras (no con sus ingresos).<\/p>\n<p>[\/vc_column_text]\n                        <\/div>\n                      <\/div>\n                    <\/div><div class=\"card panel-default show\">\n                      <div class=\"card-header\" id=\"headingOne169e1b7f38fea6\">\n                        <h4 class=\"accordion-title panel-heading\"><button class=\"btn btn-link panel-title \" data-toggle=\"collapse\" data-target=\"#blsptAcc-169e1b7f38fea6\" aria-expanded=\"true\" aria-controls=\"blsptAcc-169e1b7f38fea6\"><span>\u00bfDe cu\u00e1nto debe ser la Factura Anual de estos Negocios?<\/span>\n                          <\/button><\/h4>\n                      <\/div>\n                      <div id=\"blsptAcc-169e1b7f38fea6\" class=\"collapse  show\" data-parent=\"#accordion\">\n                        <div class=\"card-body panel-body\">\n                          [vc_column_text]<\/p>\n<p style=\"text-align: justify;\">No pueden facturar compras anuales mayores a 150 salarios base. Adem\u00e1s, sus activos fijos no pueden tener un valor superior a 350 salarios base y la cantidad m\u00e1xima de empleados que puede tener el negocio es de 5 personas.<\/p>\n<p>[\/vc_column_text]\n                        <\/div>\n                      <\/div>\n                    <\/div><div class=\"card panel-default\">\n                      <div class=\"card-header\" id=\"headingOne269e1b7f38fee4\">\n                        <h4 class=\"accordion-title panel-heading\"><button class=\"btn btn-link panel-title collapsed\" data-toggle=\"collapse\" data-target=\"#blsptAcc-269e1b7f38fee4\" aria-expanded=\"true\" aria-controls=\"blsptAcc-269e1b7f38fee4\"><span>\u00bfEn qu\u00e9 radica la Simplificaci\u00f3n?<\/span>\n                          <\/button><\/h4>\n                      <\/div>\n                      <div id=\"blsptAcc-269e1b7f38fee4\" class=\"collapse \" data-parent=\"#accordion\">\n                        <div class=\"card-body panel-body\">\n                          [vc_column_text]<\/p>\n<p style=\"text-align: justify;\">El r\u00e9gimen pretende ayudar a los peque\u00f1os negocios a cumplir con su preparaci\u00f3n de declaraciones. Les facilita la determinaci\u00f3n de la base imponible. El contribuyente no debe llevar una contabilidad formal, pero s\u00ed guardar todas las facturas que respalden las compras. Quienes empleen el r\u00e9gimen deben presentar declaraci\u00f3n de ventas trimestralmente.<\/p>\n<p>[\/vc_column_text]\n                        <\/div>\n                      <\/div>\n                    <\/div><\/div>[\/vc_column][\/vc_row][vc_row][vc_column][vc_separator][\/vc_column][\/vc_row][vc_row][vc_column][vc_column_text]<strong>Encuentra las Mejores soluciones<\/strong> en <a href=\"http:\/\/www.ienasaj.com\/index.php\/soluciones\/software-erp-espanol\/\" target=\"_blank\" rel=\"noopener noreferrer\"><strong>Software Administrativo Empresarial<\/strong><\/a>, <a href=\"http:\/\/www.ienasaj.com\/index.php\/soluciones\/facturacion-electronica\/\" target=\"_blank\" rel=\"noopener noreferrer\"><strong>Factura Electr\u00f3nica para Colombia y Costa Rica<\/strong><\/a>, <a href=\"http:\/\/www.ienasaj.com\/index.php\/soluciones\/impresora-fiscal-y-software-en-panama\/\" target=\"_blank\" rel=\"noopener noreferrer\"><strong>Impresora Fiscal en Panam\u00e1<\/strong><\/a> y <a href=\"http:\/\/www.ienasaj.com\/index.php\/soluciones\/software-administrativo-android\/\" target=\"_blank\" rel=\"noopener noreferrer\"><strong>Software Administrativo para m\u00f3viles<\/strong><\/a>. Sigue nuestra <strong><a href=\"https:\/\/www.facebook.com\/informaticaespecializadanasaj\/\" target=\"_blank\" rel=\"noopener noreferrer\">p\u00e1gina en Facebook<\/a><\/strong> y nuestra <a href=\"https:\/\/www.instagram.com\/informaticaespecializada\/\" target=\"_blank\" rel=\"noopener noreferrer\"><strong>cuenta en Instagram<\/strong><\/a>.[\/vc_column_text][\/vc_column][\/vc_row][vc_row full_width=\u00bbstretch_row\u00bb overlay_dotted=\u00bb\u00bb css=\u00bb.vc_custom_1481544692991{margin-top: 40px !important;}\u00bb][vc_column]<div class=\"krth-cta krth-cta-one cta-cnt-left \"><div class=\"krth-cta-cnt \" ><p><span style=\"color: #ffffff;\"><strong>+507 6868 7292<\/strong> <span style=\"padding-left: 15px;\">Estamos atentos a los requerimientos de su negocio<\/span><\/span><\/p>\n<\/div><a class=\"krth-btn btn-secondary  vc_custom_1610760950346 btn-medium krth-btn-69e1b7f39003f btn-hover-one btn-icon-left rounded-three \" href=\"http:\/\/www.ienasaj.com\/index.php\/contacto\/\"><span class=\"btn-text\">Cont\u00e1ctenos<\/span><\/a><\/div>[\/vc_column][\/vc_row]<\/p>\n","protected":false},"excerpt":{"rendered":"[vc_row][vc_column width=\u00bb1\/4&#8243;][\/vc_column][vc_column width=\u00bb3\/4&#8243;][vc_single_image image=\u00bb2176&#8243; img_size=\u00bbfull\u00bb alignment=\u00bbcenter\u00bb el_class=\u00bbrounded-three\u00bb css=\u00bb.vc_custom_1610761801156{margin-bottom: 25px !important;}\u00bb][vc_column_text css=\u00bb.vc_custom_1611286091709{margin-bottom: 5px !important;}\u00bb] Facturaci\u00f3n Electr\u00f3nica para Costa Rica. As\u00ed que si su peque\u00f1a empresa est\u00e1 lista para brindar servicios a otras compa\u00f1\u00edas m\u00e1s grandes, nuestro Software de Facturaci\u00f3n Electr\u00f3nica MiNegocio le brinda una opci\u00f3n econ\u00f3mica. Con ella tendr\u00e1 ventajas competitivas que aseguren esas nuevas oportunidades[&#8230;]","protected":false},"author":1,"featured_media":2393,"parent":588,"menu_order":2,"comment_status":"closed","ping_status":"closed","template":"","meta":[],"yoast_head":"<!-- This site is optimized with the Yoast SEO plugin v18.8 - https:\/\/yoast.com\/wordpress\/plugins\/seo\/ -->\n<title>Facturaci\u00f3n Electr\u00f3nica para Costa Rica |Inform\u00e1tica Especializada NASAJ<\/title>\n<meta name=\"description\" content=\"Facturaci\u00f3n Electr\u00f3nica para Costa Rica. R\u00e9gimen Simplificado. SCAD MiNegocio, econ\u00f3mico, flexible y certificado por Hacienda.\" \/>\n<meta name=\"robots\" content=\"index, follow, max-snippet:-1, max-image-preview:large, max-video-preview:-1\" \/>\n<link rel=\"canonical\" href=\"http:\/\/www.ienasaj.com\/index.php\/soluciones-de-software\/facturacion-electronica-para-costa-rica-regimen-simplificado\/\" \/>\n<meta property=\"og:locale\" content=\"es_ES\" \/>\n<meta property=\"og:type\" content=\"article\" \/>\n<meta property=\"og:title\" content=\"Facturaci\u00f3n Electr\u00f3nica para Costa Rica |Inform\u00e1tica Especializada NASAJ\" \/>\n<meta property=\"og:description\" content=\"Facturaci\u00f3n Electr\u00f3nica para Costa Rica. R\u00e9gimen Simplificado. SCAD MiNegocio, econ\u00f3mico, flexible y certificado por Hacienda.\" \/>\n<meta property=\"og:url\" content=\"http:\/\/www.ienasaj.com\/index.php\/soluciones-de-software\/facturacion-electronica-para-costa-rica-regimen-simplificado\/\" \/>\n<meta property=\"og:site_name\" content=\"Inform\u00e1tica Especializada NASAJ\" \/>\n<meta property=\"article:publisher\" content=\"https:\/\/www.facebook.com\/informaticaespecializadanasaj\" \/>\n<meta property=\"article:modified_time\" content=\"2021-01-28T21:34:42+00:00\" \/>\n<meta property=\"og:image\" content=\"http:\/\/www.ienasaj.com\/wp-content\/uploads\/2021\/01\/facturacion-electronica-costa-rica-scad-erp-1.jpg\" \/>\n\t<meta property=\"og:image:width\" content=\"580\" \/>\n\t<meta property=\"og:image:height\" content=\"576\" \/>\n\t<meta property=\"og:image:type\" content=\"image\/jpeg\" \/>\n<meta name=\"twitter:card\" content=\"summary_large_image\" \/>\n<meta name=\"twitter:site\" content=\"@ienasaj\" \/>\n<meta name=\"twitter:label1\" content=\"Tiempo de lectura\" \/>\n\t<meta name=\"twitter:data1\" content=\"3 minutos\" \/>\n<script type=\"application\/ld+json\" class=\"yoast-schema-graph\">{\"@context\":\"https:\/\/schema.org\",\"@graph\":[{\"@type\":\"Organization\",\"@id\":\"http:\/\/www.ienasaj.com\/#organization\",\"name\":\"Inform\u00e1tica Especializada Nasaj\",\"url\":\"http:\/\/www.ienasaj.com\/\",\"sameAs\":[\"https:\/\/www.facebook.com\/informaticaespecializadanasaj\",\"https:\/\/www.instagram.com\/ienasaj\/\",\"https:\/\/www.linkedin.com\/company\/inform\u00e1tica-especializada-nasaj\/\",\"https:\/\/www.youtube.com\/user\/infnasaj\",\"https:\/\/twitter.com\/ienasaj\"],\"logo\":{\"@type\":\"ImageObject\",\"inLanguage\":\"es\",\"@id\":\"http:\/\/www.ienasaj.com\/#\/schema\/logo\/image\/\",\"url\":\"http:\/\/www.ienasaj.com\/wp-content\/uploads\/2020\/12\/logo_ienasaj-erp-nuevo-th.png\",\"contentUrl\":\"http:\/\/www.ienasaj.com\/wp-content\/uploads\/2020\/12\/logo_ienasaj-erp-nuevo-th.png\",\"width\":140,\"height\":47,\"caption\":\"Inform\u00e1tica Especializada Nasaj\"},\"image\":{\"@id\":\"http:\/\/www.ienasaj.com\/#\/schema\/logo\/image\/\"}},{\"@type\":\"WebSite\",\"@id\":\"http:\/\/www.ienasaj.com\/#website\",\"url\":\"http:\/\/www.ienasaj.com\/\",\"name\":\"Inform\u00e1tica Especializada NASAJ\",\"description\":\"Software ERP para gesti\u00f3n empresarial, software y soluciones empresariales latinoamerica\",\"publisher\":{\"@id\":\"http:\/\/www.ienasaj.com\/#organization\"},\"potentialAction\":[{\"@type\":\"SearchAction\",\"target\":{\"@type\":\"EntryPoint\",\"urlTemplate\":\"http:\/\/www.ienasaj.com\/?s={search_term_string}\"},\"query-input\":\"required name=search_term_string\"}],\"inLanguage\":\"es\"},{\"@type\":\"ImageObject\",\"inLanguage\":\"es\",\"@id\":\"http:\/\/www.ienasaj.com\/index.php\/soluciones-de-software\/facturacion-electronica-para-costa-rica-regimen-simplificado\/#primaryimage\",\"url\":\"http:\/\/www.ienasaj.com\/wp-content\/uploads\/2021\/01\/facturacion-electronica-costa-rica-scad-erp-1.jpg\",\"contentUrl\":\"http:\/\/www.ienasaj.com\/wp-content\/uploads\/2021\/01\/facturacion-electronica-costa-rica-scad-erp-1.jpg\",\"width\":580,\"height\":576,\"caption\":\"Facturaci\u00f3n Electr\u00f3nica para Costa Rica\"},{\"@type\":\"WebPage\",\"@id\":\"http:\/\/www.ienasaj.com\/index.php\/soluciones-de-software\/facturacion-electronica-para-costa-rica-regimen-simplificado\/#webpage\",\"url\":\"http:\/\/www.ienasaj.com\/index.php\/soluciones-de-software\/facturacion-electronica-para-costa-rica-regimen-simplificado\/\",\"name\":\"Facturaci\u00f3n Electr\u00f3nica para Costa Rica |Inform\u00e1tica Especializada NASAJ\",\"isPartOf\":{\"@id\":\"http:\/\/www.ienasaj.com\/#website\"},\"primaryImageOfPage\":{\"@id\":\"http:\/\/www.ienasaj.com\/index.php\/soluciones-de-software\/facturacion-electronica-para-costa-rica-regimen-simplificado\/#primaryimage\"},\"datePublished\":\"2021-01-16T01:49:14+00:00\",\"dateModified\":\"2021-01-28T21:34:42+00:00\",\"description\":\"Facturaci\u00f3n Electr\u00f3nica para Costa Rica. R\u00e9gimen Simplificado. SCAD MiNegocio, econ\u00f3mico, flexible y certificado por Hacienda.\",\"breadcrumb\":{\"@id\":\"http:\/\/www.ienasaj.com\/index.php\/soluciones-de-software\/facturacion-electronica-para-costa-rica-regimen-simplificado\/#breadcrumb\"},\"inLanguage\":\"es\",\"potentialAction\":[{\"@type\":\"ReadAction\",\"target\":[\"http:\/\/www.ienasaj.com\/index.php\/soluciones-de-software\/facturacion-electronica-para-costa-rica-regimen-simplificado\/\"]}]},{\"@type\":\"BreadcrumbList\",\"@id\":\"http:\/\/www.ienasaj.com\/index.php\/soluciones-de-software\/facturacion-electronica-para-costa-rica-regimen-simplificado\/#breadcrumb\",\"itemListElement\":[{\"@type\":\"ListItem\",\"position\":1,\"name\":\"Home\",\"item\":\"http:\/\/www.ienasaj.com\/\"},{\"@type\":\"ListItem\",\"position\":2,\"name\":\"Soluciones\",\"item\":\"http:\/\/www.ienasaj.com\/index.php\/soluciones-de-software\/\"},{\"@type\":\"ListItem\",\"position\":3,\"name\":\"Facturaci\u00f3n Electr\u00f3nica para Costa Rica\"}]}]}<\/script>\n<!-- \/ Yoast SEO plugin. -->","yoast_head_json":{"title":"Facturaci\u00f3n Electr\u00f3nica para Costa Rica |Inform\u00e1tica Especializada NASAJ","description":"Facturaci\u00f3n Electr\u00f3nica para Costa Rica. R\u00e9gimen Simplificado. SCAD MiNegocio, econ\u00f3mico, flexible y certificado por Hacienda.","robots":{"index":"index","follow":"follow","max-snippet":"max-snippet:-1","max-image-preview":"max-image-preview:large","max-video-preview":"max-video-preview:-1"},"canonical":"http:\/\/www.ienasaj.com\/index.php\/soluciones-de-software\/facturacion-electronica-para-costa-rica-regimen-simplificado\/","og_locale":"es_ES","og_type":"article","og_title":"Facturaci\u00f3n Electr\u00f3nica para Costa Rica |Inform\u00e1tica Especializada NASAJ","og_description":"Facturaci\u00f3n Electr\u00f3nica para Costa Rica. R\u00e9gimen Simplificado. SCAD MiNegocio, econ\u00f3mico, flexible y certificado por Hacienda.","og_url":"http:\/\/www.ienasaj.com\/index.php\/soluciones-de-software\/facturacion-electronica-para-costa-rica-regimen-simplificado\/","og_site_name":"Inform\u00e1tica Especializada NASAJ","article_publisher":"https:\/\/www.facebook.com\/informaticaespecializadanasaj","article_modified_time":"2021-01-28T21:34:42+00:00","og_image":[{"width":580,"height":576,"url":"http:\/\/www.ienasaj.com\/wp-content\/uploads\/2021\/01\/facturacion-electronica-costa-rica-scad-erp-1.jpg","type":"image\/jpeg"}],"twitter_card":"summary_large_image","twitter_site":"@ienasaj","twitter_misc":{"Tiempo de lectura":"3 minutos"},"schema":{"@context":"https:\/\/schema.org","@graph":[{"@type":"Organization","@id":"http:\/\/www.ienasaj.com\/#organization","name":"Inform\u00e1tica Especializada Nasaj","url":"http:\/\/www.ienasaj.com\/","sameAs":["https:\/\/www.facebook.com\/informaticaespecializadanasaj","https:\/\/www.instagram.com\/ienasaj\/","https:\/\/www.linkedin.com\/company\/inform\u00e1tica-especializada-nasaj\/","https:\/\/www.youtube.com\/user\/infnasaj","https:\/\/twitter.com\/ienasaj"],"logo":{"@type":"ImageObject","inLanguage":"es","@id":"http:\/\/www.ienasaj.com\/#\/schema\/logo\/image\/","url":"http:\/\/www.ienasaj.com\/wp-content\/uploads\/2020\/12\/logo_ienasaj-erp-nuevo-th.png","contentUrl":"http:\/\/www.ienasaj.com\/wp-content\/uploads\/2020\/12\/logo_ienasaj-erp-nuevo-th.png","width":140,"height":47,"caption":"Inform\u00e1tica Especializada Nasaj"},"image":{"@id":"http:\/\/www.ienasaj.com\/#\/schema\/logo\/image\/"}},{"@type":"WebSite","@id":"http:\/\/www.ienasaj.com\/#website","url":"http:\/\/www.ienasaj.com\/","name":"Inform\u00e1tica Especializada NASAJ","description":"Software ERP para gesti\u00f3n empresarial, software y soluciones empresariales latinoamerica","publisher":{"@id":"http:\/\/www.ienasaj.com\/#organization"},"potentialAction":[{"@type":"SearchAction","target":{"@type":"EntryPoint","urlTemplate":"http:\/\/www.ienasaj.com\/?s={search_term_string}"},"query-input":"required name=search_term_string"}],"inLanguage":"es"},{"@type":"ImageObject","inLanguage":"es","@id":"http:\/\/www.ienasaj.com\/index.php\/soluciones-de-software\/facturacion-electronica-para-costa-rica-regimen-simplificado\/#primaryimage","url":"http:\/\/www.ienasaj.com\/wp-content\/uploads\/2021\/01\/facturacion-electronica-costa-rica-scad-erp-1.jpg","contentUrl":"http:\/\/www.ienasaj.com\/wp-content\/uploads\/2021\/01\/facturacion-electronica-costa-rica-scad-erp-1.jpg","width":580,"height":576,"caption":"Facturaci\u00f3n Electr\u00f3nica para Costa Rica"},{"@type":"WebPage","@id":"http:\/\/www.ienasaj.com\/index.php\/soluciones-de-software\/facturacion-electronica-para-costa-rica-regimen-simplificado\/#webpage","url":"http:\/\/www.ienasaj.com\/index.php\/soluciones-de-software\/facturacion-electronica-para-costa-rica-regimen-simplificado\/","name":"Facturaci\u00f3n Electr\u00f3nica para Costa Rica |Inform\u00e1tica Especializada NASAJ","isPartOf":{"@id":"http:\/\/www.ienasaj.com\/#website"},"primaryImageOfPage":{"@id":"http:\/\/www.ienasaj.com\/index.php\/soluciones-de-software\/facturacion-electronica-para-costa-rica-regimen-simplificado\/#primaryimage"},"datePublished":"2021-01-16T01:49:14+00:00","dateModified":"2021-01-28T21:34:42+00:00","description":"Facturaci\u00f3n Electr\u00f3nica para Costa Rica. R\u00e9gimen Simplificado. SCAD MiNegocio, econ\u00f3mico, flexible y certificado por Hacienda.","breadcrumb":{"@id":"http:\/\/www.ienasaj.com\/index.php\/soluciones-de-software\/facturacion-electronica-para-costa-rica-regimen-simplificado\/#breadcrumb"},"inLanguage":"es","potentialAction":[{"@type":"ReadAction","target":["http:\/\/www.ienasaj.com\/index.php\/soluciones-de-software\/facturacion-electronica-para-costa-rica-regimen-simplificado\/"]}]},{"@type":"BreadcrumbList","@id":"http:\/\/www.ienasaj.com\/index.php\/soluciones-de-software\/facturacion-electronica-para-costa-rica-regimen-simplificado\/#breadcrumb","itemListElement":[{"@type":"ListItem","position":1,"name":"Home","item":"http:\/\/www.ienasaj.com\/"},{"@type":"ListItem","position":2,"name":"Soluciones","item":"http:\/\/www.ienasaj.com\/index.php\/soluciones-de-software\/"},{"@type":"ListItem","position":3,"name":"Facturaci\u00f3n Electr\u00f3nica para Costa Rica"}]}]}},"_links":{"self":[{"href":"http:\/\/www.ienasaj.com\/index.php\/wp-json\/wp\/v2\/pages\/2197"}],"collection":[{"href":"http:\/\/www.ienasaj.com\/index.php\/wp-json\/wp\/v2\/pages"}],"about":[{"href":"http:\/\/www.ienasaj.com\/index.php\/wp-json\/wp\/v2\/types\/page"}],"author":[{"embeddable":true,"href":"http:\/\/www.ienasaj.com\/index.php\/wp-json\/wp\/v2\/users\/1"}],"replies":[{"embeddable":true,"href":"http:\/\/www.ienasaj.com\/index.php\/wp-json\/wp\/v2\/comments?post=2197"}],"version-history":[{"count":40,"href":"http:\/\/www.ienasaj.com\/index.php\/wp-json\/wp\/v2\/pages\/2197\/revisions"}],"predecessor-version":[{"id":2668,"href":"http:\/\/www.ienasaj.com\/index.php\/wp-json\/wp\/v2\/pages\/2197\/revisions\/2668"}],"up":[{"embeddable":true,"href":"http:\/\/www.ienasaj.com\/index.php\/wp-json\/wp\/v2\/pages\/588"}],"wp:featuredmedia":[{"embeddable":true,"href":"http:\/\/www.ienasaj.com\/index.php\/wp-json\/wp\/v2\/media\/2393"}],"wp:attachment":[{"href":"http:\/\/www.ienasaj.com\/index.php\/wp-json\/wp\/v2\/media?parent=2197"}],"curies":[{"name":"wp","href":"https:\/\/api.w.org\/{rel}","templated":true}]}}