{"id":775,"date":"2016-08-18T11:54:41","date_gmt":"2016-08-18T11:54:41","guid":{"rendered":"http:\/\/kroth:8888\/?page_id=775"},"modified":"2021-02-18T10:39:44","modified_gmt":"2021-02-18T16:39:44","slug":"facturacion-electronica","status":"publish","type":"page","link":"http:\/\/www.ienasaj.com\/index.php\/soluciones-de-software\/facturacion-electronica\/","title":{"rendered":"Facturaci\u00f3n Electr\u00f3nica"},"content":{"rendered":"<p>[vc_row][vc_column][vc_row_inner][vc_column_inner][vc_single_image image=\u00bb2153&#8243; img_size=\u00bbfull\u00bb alignment=\u00bbcenter\u00bb el_class=\u00bbrounded-three\u00bb css=\u00bb.vc_custom_1610754681912{margin-bottom: 25px !important;}\u00bb][\/vc_column_inner][\/vc_row_inner][vc_row_inner css=\u00bb.vc_custom_1471527361639{margin-top: 8px !important;}\u00bb][vc_column_inner width=\u00bb1\/2&#8243;][vc_message message_box_style=\u00bbsolid\u00bb message_box_color=\u00bbpeacoc\u00bb icon_fontawesome=\u00bbfas fa-print\u00bb]<\/p>\n<p style=\"text-align: justify;\">Este software de facturaci\u00f3n electr\u00f3nica es una soluci\u00f3n que funciona para transacciones de venta de bienes o servicios.<\/p>\n<p>[\/vc_message][vc_column_text css=\u00bb.vc_custom_1611090291627{margin-bottom: 5px !important;}\u00bb][\/vc_column_text][vc_column_text css=\u00bb.vc_custom_1611284902293{margin-bottom: 5px !important;}\u00bb]<\/p>\n<h2>Software para Facturaci\u00f3n Electr\u00f3nica<\/h2>\n<p style=\"text-align: justify;\">Es un sistema modular que funciona en integraci\u00f3n o independiente de SCAD ERP. As\u00ed logra que el proceso de adaptaci\u00f3n de su empresa a este requerimiento sea muy f\u00e1cil. Son varios los pa\u00edses que de Latinoam\u00e9rica que han incorporado este tipo de facturaci\u00f3n en sus procesos fiscales.<\/p>\n<p style=\"text-align: justify;\">Nuestro software se caracteriza por trabajar de manera modular y flexible para acoplarse a las necesidades de la empresa. Por lo tanto, una actualizaci\u00f3n de tu versi\u00f3n basta para adquirir la facturaci\u00f3n electr\u00f3nica, ya que se genera el documento digital exigido por el ente fiscal.<\/p>\n<p>[\/vc_column_text][vc_empty_space height=\u00bb30px\u00bb][vc_cta h2=\u00bbCumple con las caracter\u00edsticas y condiciones establecidas por el ente fiscal\u00bb h4=\u00bbExpedici\u00f3n, recibo, rechazo y conservaci\u00f3n\u00bb]<\/p>\n<p style=\"text-align: justify;\">Es una soluci\u00f3n que se ha adaptado f\u00e1cilmente a diferentes pa\u00edses de Latinoam\u00e9rica cumpliendo con lo exigido por cada organismo fiscal gubernamental.<\/p>\n<p>[\/vc_cta][\/vc_column_inner][vc_column_inner width=\u00bb1\/2&#8243;][vc_cta h2=\u00bbFacturaci\u00f3n como M\u00f3dulo Integrado al Software Administrativo ERP SCAD\u00bb h4=\u00bbSe habilita f\u00e1cilmente\u00bb]<\/p>\n<p style=\"text-align: justify;\">Como m\u00f3dulo de SCAD es f\u00e1cilmente habilitado para los usuarios actuales, tambi\u00e9n se puede usar de manera independiente en nuevas instalaciones mientras se incorpora toda la soluci\u00f3n a los procesos y \u00e1reas de la compa\u00f1\u00eda.<\/p>\n<p>[\/vc_cta][vc_column_text css=\u00bb.vc_custom_1611285006748{margin-bottom: 5px !important;}\u00bb]<\/p>\n<p style=\"text-align: justify;\">SCAD ERP soporta transacciones de venta de bienes o servicios. Adicionalmente cumple con las caracter\u00edsticas y condiciones de expedici\u00f3n, recibo, rechazo y conservaci\u00f3n establecidas por el ente fiscal. Nuestro software se caracteriza por trabajar de manera modular y flexible para acoplarse a las necesidades de la empresa.<\/p>\n<p>[\/vc_column_text][\/vc_column_inner][\/vc_row_inner][vc_row_inner][vc_column_inner][vc_separator color=\u00bbcustom\u00bb accent_color=\u00bb#eeeeee\u00bb css=\u00bb.vc_custom_1471606716600{margin-top: 15px !important;margin-bottom: 15px !important;}\u00bb][vc_hoverbox image=\u00bb2359&#8243; primary_title=\u00bbConozca todas las funcionalidades de SCAD ERP\u00bb primary_title_font_container=\u00bbfont_size:40|color:%23ffffff\u00bb primary_title_google_fonts=\u00bbfont_family:Lato%3A100%2C100italic%2C300%2C300italic%2Cregular%2Citalic%2C700%2C700italic%2C900%2C900italic|font_style:900%20bold%20regular%3A900%3Anormal\u00bb hover_title=\u00bbSCAD ERP es un sistema de gesti\u00f3n que combina el trabajo de todas las \u00e1reas de la empresa\u00bb use_custom_fonts_primary_title=\u00bbtrue\u00bb]<\/p>\n<p style=\"text-align: justify;\">Este completo sistema de gesti\u00f3n ERP hace f\u00e1cil la planificaci\u00f3n de recursos encarg\u00e1ndose de distinta operaciones internas de tu empresa, desde producci\u00f3n, inventario, contabilidad, distribuci\u00f3n, recursos humanos, logrando automatizaci\u00f3n de procesos.<\/p>\n<p>[\/vc_hoverbox][\/vc_column_inner][\/vc_row_inner][vc_row_inner][vc_column_inner][vc_column_text]<\/p>\n<h3>\u00a114 Pa\u00edses De Latinoam\u00e9rica Trabajan Con Factura Electr\u00f3nica!<\/h3>\n<p style=\"text-align: justify;\"><span style=\"font-size: 15px; letter-spacing: 0.3px; line-height: 1.7;\">El uso de este tipo de facturaci\u00f3n ha crecido sustancialmente en Am\u00e9rica Latina en la \u00faltima d\u00e9cada. Por ejemplo, basta con decir que son 14 pa\u00edses los que trabajan con ella. <\/span><\/p>\n<p style=\"text-align: justify;\"><span style=\"font-size: 15px; letter-spacing: 0.3px; line-height: 1.7;\">A saber: Argentina, Brasil, Chile, Colombia, Costa Rica, Ecuador, El Salvador, Guatemala, M\u00e9xico, Nicaragua, Panam\u00e1, Per\u00fa, Uruguay y Venezuela.<\/span><\/p>\n<p>[\/vc_column_text][vc_separator color=\u00bbcustom\u00bb accent_color=\u00bb#eeeeee\u00bb css=\u00bb.vc_custom_1471606716600{margin-top: 15px !important;margin-bottom: 15px !important;}\u00bb][vc_icon icon_fontawesome=\u00bbfas fa-map-marked-alt\u00bb color=\u00bbpeacoc\u00bb background_style=\u00bbrounded\u00bb size=\u00bblg\u00bb align=\u00bbcenter\u00bb link=\u00bbtitle:Sectores\u00bb][vc_column_text]<\/p>\n<h3 style=\"text-align: center;\">Sectores<\/h3>\n<p>[\/vc_column_text][\/vc_column_inner][\/vc_row_inner][\/vc_column][\/vc_row][vc_row full_width=\u00bbstretch_row\u00bb overlay_dotted=\u00bb\u00bb css=\u00bb.vc_custom_1481544692991{margin-top: 40px !important;}\u00bb][vc_column width=\u00bb1\/3&#8243;][vc_column_text]<\/p>\n<h3>Facturaci\u00f3n Electr\u00f3nica Regimen Simplificado<\/h3>\n<h4>Adaptado para Costa Rica<\/h4>\n<p>[\/vc_column_text][vc_single_image image=\u00bb2176&#8243; img_size=\u00bbfull\u00bb alignment=\u00bbcenter\u00bb style=\u00bbvc_box_rounded\u00bb onclick=\u00bbcustom_link\u00bb css_animation=\u00bbnone\u00bb link=\u00bbhttp:\/\/www.ienasaj.com\/index.php\/soluciones-de-software\/facturacion-electronica-para-costa-rica-regimen-simplificado\/\u00bb][vc_column_text]<\/p>\n<h4>Emprendimientos o peque\u00f1a empresa en l\u00ednea con Hacienda<\/h4>\n<p style=\"text-align: justify;\">\u00bfSu peque\u00f1a empresa est\u00e1 lista para brindar servicios a otras compa\u00f1\u00edas m\u00e1s grandes? Si es as\u00ed, por lo tanto debe saber que nuestro Software de Facturaci\u00f3n Electr\u00f3nica MiNegocio le brinda una opci\u00f3n econ\u00f3mica.<\/p>\n<p style=\"text-align: justify;\">En conclusi\u00f3n: tendr\u00e1 ventajas competitivas que aseguren esas nuevas oportunidades de ventas, m\u00e1s y mejores negocios.<\/p>\n<p>[\/vc_column_text][vc_btn title=\u00bbVer Detalle\u00bb link=\u00bburl:http%3A%2F%2Fienasaj.com%2Findex.php%2Fsoluciones-de-software%2Ffacturacion-electronica-para-costa-rica-regimen-simplificado%2F|title:Facturaci%C3%B3n%20Electr%C3%B3nica%20para%20Costa%20Rica|target:_blank\u00bb][\/vc_column][vc_column width=\u00bb1\/3&#8243;][vc_column_text]<\/p>\n<h3>Facturaci\u00f3n Electr\u00f3nica para Colombia<\/h3>\n<h4>Adaptado para Colombia<\/h4>\n<p>[\/vc_column_text][vc_single_image image=\u00bb2177&#8243; img_size=\u00bbfull\u00bb alignment=\u00bbcenter\u00bb style=\u00bbvc_box_rounded\u00bb onclick=\u00bbcustom_link\u00bb link=\u00bbhttp:\/\/www.ienasaj.com\/index.php\/soluciones-de-software\/facturacion-electronica-para-colombia\/\u00bb][vc_column_text]<\/p>\n<h4>Versi\u00f3n Ideal para Compa\u00f1\u00edas y Profesionales<\/h4>\n<p style=\"text-align: justify;\">Ahora el software de facturaci\u00f3n electr\u00f3nica MiNegocio viene adaptado para funcionar en Colombia. Ideal para compa\u00f1\u00edas y profesionales seg\u00fan su negocio.<\/p>\n<p>[\/vc_column_text][vc_empty_space height=\u00bb80px\u00bb][vc_btn title=\u00bbVer Detalle\u00bb link=\u00bburl:http%3A%2F%2Fienasaj.com%2Findex.php%2Fsoluciones%2Ffacturacion-electronica-para-colombia%2F|title:Facturaci%C3%B3n%20Electr%C3%B3nica%20para%20Colombia|target:_blank\u00bb][\/vc_column][vc_column width=\u00bb1\/3&#8243;][vc_column_text]<\/p>\n<h3>Facturaci\u00f3n Electr\u00f3nica para Panam\u00e1<\/h3>\n<h4>Adaptado para Panam\u00e1<\/h4>\n<p>[\/vc_column_text][vc_single_image image=\u00bb2719&#8243; img_size=\u00bbfull\u00bb alignment=\u00bbcenter\u00bb style=\u00bbvc_box_rounded\u00bb onclick=\u00bbcustom_link\u00bb link=\u00bbhttp:\/\/www.ienasaj.com\/index.php\/soluciones-de-software\/facturacion-electronica-para-panama\/\u00bb][vc_column_text]<\/p>\n<h4>Ideal para Compa\u00f1\u00edas y Profesionales<\/h4>\n<p style=\"text-align: justify;\">Adquiera un software legal y completo que integra todas las funcionalidades necesarias y\u00a0<strong>requeridas por la DGI<\/strong> para generar la factura electr\u00f3nica de su negocio. Lista para emitir los documentos electr\u00f3nicos.<\/p>\n<p>[\/vc_column_text][vc_empty_space height=\u00bb80px\u00bb][vc_btn title=\u00bbVer Detalle\u00bb link=\u00bburl:http%3A%2F%2Fienasaj.com%2Findex.php%2Fsoluciones-de-software%2Ffacturacion-electronica-para-panama%2F|title:Facturaci%C3%B3n%20Electr%C3%B3nica%20para%20Panam%C3%A1|target:_blank\u00bb][\/vc_column][\/vc_row][vc_row][vc_column][vc_separator][\/vc_column][\/vc_row][vc_row][vc_column][vc_column_text]<strong>Encuentra las Mejores soluciones<\/strong> en <a href=\"http:\/\/www.ienasaj.com\/index.php\/soluciones\/software-erp-espanol\/\" target=\"_blank\" rel=\"noopener noreferrer\"><strong>Software Administrativo Empresarial<\/strong><\/a>, <a href=\"http:\/\/www.ienasaj.com\/index.php\/soluciones\/facturacion-electronica\/\" target=\"_blank\" rel=\"noopener noreferrer\"><strong>Factura Electr\u00f3nica para Colombia y Costa Rica<\/strong><\/a>, <a href=\"http:\/\/www.ienasaj.com\/index.php\/soluciones\/impresora-fiscal-y-software-en-panama\/\" target=\"_blank\" rel=\"noopener noreferrer\"><strong>Impresora Fiscal en Panam\u00e1<\/strong><\/a> y <a href=\"http:\/\/www.ienasaj.com\/index.php\/soluciones\/software-administrativo-android\/\" target=\"_blank\" rel=\"noopener noreferrer\"><strong>Software Administrativo para m\u00f3viles<\/strong><\/a>. Sigue nuestra <strong><a href=\"https:\/\/www.facebook.com\/informaticaespecializadanasaj\/\" target=\"_blank\" rel=\"noopener noreferrer\">p\u00e1gina en Facebook<\/a><\/strong> y nuestra <a href=\"https:\/\/www.instagram.com\/informaticaespecializada\/\" target=\"_blank\" rel=\"noopener noreferrer\"><strong>cuenta en Instagram<\/strong><\/a>.[\/vc_column_text][\/vc_column][\/vc_row][vc_row full_width=\u00bbstretch_row\u00bb overlay_dotted=\u00bb\u00bb css=\u00bb.vc_custom_1481544692991{margin-top: 40px !important;}\u00bb][vc_column]<div class=\"krth-cta krth-cta-one cta-cnt-left \"><div class=\"krth-cta-cnt \" ><p><span style=\"color: #ffffff;\"><strong>Servicio al Cliente<\/strong> <span style=\"padding-left: 15px;\">Estamos atentos a los requerimientos de su negocio<\/span><\/span><\/p>\n<\/div><a class=\"krth-btn btn-secondary  vc_custom_1611864021807 btn-medium krth-btn-69e1a6b5a0d0f btn-hover-one btn-icon-left rounded-three \" href=\"http:\/\/www.ienasaj.com\/index.php\/contacto\/\"><span class=\"btn-text\">Cont\u00e1ctenos<\/span><\/a><\/div>[\/vc_column][\/vc_row]<\/p>\n","protected":false},"excerpt":{"rendered":"[vc_row][vc_column][vc_row_inner][vc_column_inner][vc_single_image image=\u00bb2153&#8243; img_size=\u00bbfull\u00bb alignment=\u00bbcenter\u00bb el_class=\u00bbrounded-three\u00bb css=\u00bb.vc_custom_1610754681912{margin-bottom: 25px !important;}\u00bb][\/vc_column_inner][\/vc_row_inner][vc_row_inner css=\u00bb.vc_custom_1471527361639{margin-top: 8px !important;}\u00bb][vc_column_inner width=\u00bb1\/2&#8243;][vc_message message_box_style=\u00bbsolid\u00bb message_box_color=\u00bbpeacoc\u00bb icon_fontawesome=\u00bbfas fa-print\u00bb] Este software de facturaci\u00f3n electr\u00f3nica es una soluci\u00f3n que funciona para transacciones de venta de bienes o servicios. [\/vc_message][vc_column_text css=\u00bb.vc_custom_1611090291627{margin-bottom: 5px !important;}\u00bb][\/vc_column_text][vc_column_text css=\u00bb.vc_custom_1611284902293{margin-bottom: 5px !important;}\u00bb] Software para Facturaci\u00f3n Electr\u00f3nica Es un sistema modular que funciona en integraci\u00f3n o independiente[&#8230;]","protected":false},"author":1,"featured_media":2505,"parent":588,"menu_order":2,"comment_status":"closed","ping_status":"closed","template":"","meta":[],"yoast_head":"<!-- This site is optimized with the Yoast SEO plugin v18.8 - https:\/\/yoast.com\/wordpress\/plugins\/seo\/ -->\n<title>Facturaci\u00f3n Electr\u00f3nica | Inform\u00e1tica Especializada NASAJ<\/title>\n<meta name=\"description\" content=\"Facturaci\u00f3n electr\u00f3nica es un software para transacciones de venta de bienes o servicios, seg\u00fan caracter\u00edsticas y condiciones del ente fiscal\" \/>\n<meta name=\"robots\" content=\"index, follow, max-snippet:-1, max-image-preview:large, max-video-preview:-1\" \/>\n<link rel=\"canonical\" href=\"http:\/\/www.ienasaj.com\/index.php\/soluciones-de-software\/facturacion-electronica\/\" \/>\n<meta property=\"og:locale\" content=\"es_ES\" \/>\n<meta property=\"og:type\" content=\"article\" \/>\n<meta property=\"og:title\" content=\"Facturaci\u00f3n Electr\u00f3nica | Inform\u00e1tica Especializada NASAJ\" \/>\n<meta property=\"og:description\" content=\"Facturaci\u00f3n electr\u00f3nica es un software para transacciones de venta de bienes o servicios, seg\u00fan caracter\u00edsticas y condiciones del ente fiscal\" \/>\n<meta property=\"og:url\" content=\"http:\/\/www.ienasaj.com\/index.php\/soluciones-de-software\/facturacion-electronica\/\" \/>\n<meta property=\"og:site_name\" content=\"Inform\u00e1tica Especializada NASAJ\" \/>\n<meta property=\"article:publisher\" content=\"https:\/\/www.facebook.com\/informaticaespecializadanasaj\" \/>\n<meta property=\"article:modified_time\" content=\"2021-02-18T16:39:44+00:00\" \/>\n<meta property=\"og:image\" content=\"http:\/\/www.ienasaj.com\/wp-content\/uploads\/2021\/01\/scad-erp-con-facturacion-electronica-latinoamerica-2.jpg\" \/>\n\t<meta property=\"og:image:width\" content=\"1024\" \/>\n\t<meta property=\"og:image:height\" content=\"512\" \/>\n\t<meta property=\"og:image:type\" content=\"image\/jpeg\" \/>\n<meta name=\"twitter:card\" content=\"summary_large_image\" \/>\n<meta name=\"twitter:site\" content=\"@ienasaj\" \/>\n<meta name=\"twitter:label1\" content=\"Tiempo de lectura\" \/>\n\t<meta name=\"twitter:data1\" content=\"3 minutos\" \/>\n<script type=\"application\/ld+json\" class=\"yoast-schema-graph\">{\"@context\":\"https:\/\/schema.org\",\"@graph\":[{\"@type\":\"Organization\",\"@id\":\"http:\/\/www.ienasaj.com\/#organization\",\"name\":\"Inform\u00e1tica Especializada Nasaj\",\"url\":\"http:\/\/www.ienasaj.com\/\",\"sameAs\":[\"https:\/\/www.facebook.com\/informaticaespecializadanasaj\",\"https:\/\/www.instagram.com\/ienasaj\/\",\"https:\/\/www.linkedin.com\/company\/inform\u00e1tica-especializada-nasaj\/\",\"https:\/\/www.youtube.com\/user\/infnasaj\",\"https:\/\/twitter.com\/ienasaj\"],\"logo\":{\"@type\":\"ImageObject\",\"inLanguage\":\"es\",\"@id\":\"http:\/\/www.ienasaj.com\/#\/schema\/logo\/image\/\",\"url\":\"http:\/\/www.ienasaj.com\/wp-content\/uploads\/2020\/12\/logo_ienasaj-erp-nuevo-th.png\",\"contentUrl\":\"http:\/\/www.ienasaj.com\/wp-content\/uploads\/2020\/12\/logo_ienasaj-erp-nuevo-th.png\",\"width\":140,\"height\":47,\"caption\":\"Inform\u00e1tica Especializada Nasaj\"},\"image\":{\"@id\":\"http:\/\/www.ienasaj.com\/#\/schema\/logo\/image\/\"}},{\"@type\":\"WebSite\",\"@id\":\"http:\/\/www.ienasaj.com\/#website\",\"url\":\"http:\/\/www.ienasaj.com\/\",\"name\":\"Inform\u00e1tica Especializada NASAJ\",\"description\":\"Software ERP para gesti\u00f3n empresarial, software y soluciones empresariales latinoamerica\",\"publisher\":{\"@id\":\"http:\/\/www.ienasaj.com\/#organization\"},\"potentialAction\":[{\"@type\":\"SearchAction\",\"target\":{\"@type\":\"EntryPoint\",\"urlTemplate\":\"http:\/\/www.ienasaj.com\/?s={search_term_string}\"},\"query-input\":\"required name=search_term_string\"}],\"inLanguage\":\"es\"},{\"@type\":\"ImageObject\",\"inLanguage\":\"es\",\"@id\":\"http:\/\/www.ienasaj.com\/index.php\/soluciones-de-software\/facturacion-electronica\/#primaryimage\",\"url\":\"http:\/\/www.ienasaj.com\/wp-content\/uploads\/2021\/01\/scad-erp-con-facturacion-electronica-latinoamerica-2.jpg\",\"contentUrl\":\"http:\/\/www.ienasaj.com\/wp-content\/uploads\/2021\/01\/scad-erp-con-facturacion-electronica-latinoamerica-2.jpg\",\"width\":1024,\"height\":512,\"caption\":\"Facturaci\u00f3n Electr\u00f3nica\"},{\"@type\":\"WebPage\",\"@id\":\"http:\/\/www.ienasaj.com\/index.php\/soluciones-de-software\/facturacion-electronica\/#webpage\",\"url\":\"http:\/\/www.ienasaj.com\/index.php\/soluciones-de-software\/facturacion-electronica\/\",\"name\":\"Facturaci\u00f3n Electr\u00f3nica | Inform\u00e1tica Especializada NASAJ\",\"isPartOf\":{\"@id\":\"http:\/\/www.ienasaj.com\/#website\"},\"primaryImageOfPage\":{\"@id\":\"http:\/\/www.ienasaj.com\/index.php\/soluciones-de-software\/facturacion-electronica\/#primaryimage\"},\"datePublished\":\"2016-08-18T11:54:41+00:00\",\"dateModified\":\"2021-02-18T16:39:44+00:00\",\"description\":\"Facturaci\u00f3n electr\u00f3nica es un software para transacciones de venta de bienes o servicios, seg\u00fan caracter\u00edsticas y condiciones del ente fiscal\",\"breadcrumb\":{\"@id\":\"http:\/\/www.ienasaj.com\/index.php\/soluciones-de-software\/facturacion-electronica\/#breadcrumb\"},\"inLanguage\":\"es\",\"potentialAction\":[{\"@type\":\"ReadAction\",\"target\":[\"http:\/\/www.ienasaj.com\/index.php\/soluciones-de-software\/facturacion-electronica\/\"]}]},{\"@type\":\"BreadcrumbList\",\"@id\":\"http:\/\/www.ienasaj.com\/index.php\/soluciones-de-software\/facturacion-electronica\/#breadcrumb\",\"itemListElement\":[{\"@type\":\"ListItem\",\"position\":1,\"name\":\"Home\",\"item\":\"http:\/\/www.ienasaj.com\/\"},{\"@type\":\"ListItem\",\"position\":2,\"name\":\"Soluciones\",\"item\":\"http:\/\/www.ienasaj.com\/index.php\/soluciones-de-software\/\"},{\"@type\":\"ListItem\",\"position\":3,\"name\":\"Facturaci\u00f3n Electr\u00f3nica\"}]}]}<\/script>\n<!-- \/ Yoast SEO plugin. -->","yoast_head_json":{"title":"Facturaci\u00f3n Electr\u00f3nica | Inform\u00e1tica Especializada NASAJ","description":"Facturaci\u00f3n electr\u00f3nica es un software para transacciones de venta de bienes o servicios, seg\u00fan caracter\u00edsticas y condiciones del ente fiscal","robots":{"index":"index","follow":"follow","max-snippet":"max-snippet:-1","max-image-preview":"max-image-preview:large","max-video-preview":"max-video-preview:-1"},"canonical":"http:\/\/www.ienasaj.com\/index.php\/soluciones-de-software\/facturacion-electronica\/","og_locale":"es_ES","og_type":"article","og_title":"Facturaci\u00f3n Electr\u00f3nica | Inform\u00e1tica Especializada NASAJ","og_description":"Facturaci\u00f3n electr\u00f3nica es un software para transacciones de venta de bienes o servicios, seg\u00fan caracter\u00edsticas y condiciones del ente fiscal","og_url":"http:\/\/www.ienasaj.com\/index.php\/soluciones-de-software\/facturacion-electronica\/","og_site_name":"Inform\u00e1tica Especializada NASAJ","article_publisher":"https:\/\/www.facebook.com\/informaticaespecializadanasaj","article_modified_time":"2021-02-18T16:39:44+00:00","og_image":[{"width":1024,"height":512,"url":"http:\/\/www.ienasaj.com\/wp-content\/uploads\/2021\/01\/scad-erp-con-facturacion-electronica-latinoamerica-2.jpg","type":"image\/jpeg"}],"twitter_card":"summary_large_image","twitter_site":"@ienasaj","twitter_misc":{"Tiempo de lectura":"3 minutos"},"schema":{"@context":"https:\/\/schema.org","@graph":[{"@type":"Organization","@id":"http:\/\/www.ienasaj.com\/#organization","name":"Inform\u00e1tica Especializada Nasaj","url":"http:\/\/www.ienasaj.com\/","sameAs":["https:\/\/www.facebook.com\/informaticaespecializadanasaj","https:\/\/www.instagram.com\/ienasaj\/","https:\/\/www.linkedin.com\/company\/inform\u00e1tica-especializada-nasaj\/","https:\/\/www.youtube.com\/user\/infnasaj","https:\/\/twitter.com\/ienasaj"],"logo":{"@type":"ImageObject","inLanguage":"es","@id":"http:\/\/www.ienasaj.com\/#\/schema\/logo\/image\/","url":"http:\/\/www.ienasaj.com\/wp-content\/uploads\/2020\/12\/logo_ienasaj-erp-nuevo-th.png","contentUrl":"http:\/\/www.ienasaj.com\/wp-content\/uploads\/2020\/12\/logo_ienasaj-erp-nuevo-th.png","width":140,"height":47,"caption":"Inform\u00e1tica Especializada Nasaj"},"image":{"@id":"http:\/\/www.ienasaj.com\/#\/schema\/logo\/image\/"}},{"@type":"WebSite","@id":"http:\/\/www.ienasaj.com\/#website","url":"http:\/\/www.ienasaj.com\/","name":"Inform\u00e1tica Especializada NASAJ","description":"Software ERP para gesti\u00f3n empresarial, software y soluciones empresariales latinoamerica","publisher":{"@id":"http:\/\/www.ienasaj.com\/#organization"},"potentialAction":[{"@type":"SearchAction","target":{"@type":"EntryPoint","urlTemplate":"http:\/\/www.ienasaj.com\/?s={search_term_string}"},"query-input":"required name=search_term_string"}],"inLanguage":"es"},{"@type":"ImageObject","inLanguage":"es","@id":"http:\/\/www.ienasaj.com\/index.php\/soluciones-de-software\/facturacion-electronica\/#primaryimage","url":"http:\/\/www.ienasaj.com\/wp-content\/uploads\/2021\/01\/scad-erp-con-facturacion-electronica-latinoamerica-2.jpg","contentUrl":"http:\/\/www.ienasaj.com\/wp-content\/uploads\/2021\/01\/scad-erp-con-facturacion-electronica-latinoamerica-2.jpg","width":1024,"height":512,"caption":"Facturaci\u00f3n Electr\u00f3nica"},{"@type":"WebPage","@id":"http:\/\/www.ienasaj.com\/index.php\/soluciones-de-software\/facturacion-electronica\/#webpage","url":"http:\/\/www.ienasaj.com\/index.php\/soluciones-de-software\/facturacion-electronica\/","name":"Facturaci\u00f3n Electr\u00f3nica | Inform\u00e1tica Especializada NASAJ","isPartOf":{"@id":"http:\/\/www.ienasaj.com\/#website"},"primaryImageOfPage":{"@id":"http:\/\/www.ienasaj.com\/index.php\/soluciones-de-software\/facturacion-electronica\/#primaryimage"},"datePublished":"2016-08-18T11:54:41+00:00","dateModified":"2021-02-18T16:39:44+00:00","description":"Facturaci\u00f3n electr\u00f3nica es un software para transacciones de venta de bienes o servicios, seg\u00fan caracter\u00edsticas y condiciones del ente fiscal","breadcrumb":{"@id":"http:\/\/www.ienasaj.com\/index.php\/soluciones-de-software\/facturacion-electronica\/#breadcrumb"},"inLanguage":"es","potentialAction":[{"@type":"ReadAction","target":["http:\/\/www.ienasaj.com\/index.php\/soluciones-de-software\/facturacion-electronica\/"]}]},{"@type":"BreadcrumbList","@id":"http:\/\/www.ienasaj.com\/index.php\/soluciones-de-software\/facturacion-electronica\/#breadcrumb","itemListElement":[{"@type":"ListItem","position":1,"name":"Home","item":"http:\/\/www.ienasaj.com\/"},{"@type":"ListItem","position":2,"name":"Soluciones","item":"http:\/\/www.ienasaj.com\/index.php\/soluciones-de-software\/"},{"@type":"ListItem","position":3,"name":"Facturaci\u00f3n Electr\u00f3nica"}]}]}},"_links":{"self":[{"href":"http:\/\/www.ienasaj.com\/index.php\/wp-json\/wp\/v2\/pages\/775"}],"collection":[{"href":"http:\/\/www.ienasaj.com\/index.php\/wp-json\/wp\/v2\/pages"}],"about":[{"href":"http:\/\/www.ienasaj.com\/index.php\/wp-json\/wp\/v2\/types\/page"}],"author":[{"embeddable":true,"href":"http:\/\/www.ienasaj.com\/index.php\/wp-json\/wp\/v2\/users\/1"}],"replies":[{"embeddable":true,"href":"http:\/\/www.ienasaj.com\/index.php\/wp-json\/wp\/v2\/comments?post=775"}],"version-history":[{"count":72,"href":"http:\/\/www.ienasaj.com\/index.php\/wp-json\/wp\/v2\/pages\/775\/revisions"}],"predecessor-version":[{"id":2815,"href":"http:\/\/www.ienasaj.com\/index.php\/wp-json\/wp\/v2\/pages\/775\/revisions\/2815"}],"up":[{"embeddable":true,"href":"http:\/\/www.ienasaj.com\/index.php\/wp-json\/wp\/v2\/pages\/588"}],"wp:featuredmedia":[{"embeddable":true,"href":"http:\/\/www.ienasaj.com\/index.php\/wp-json\/wp\/v2\/media\/2505"}],"wp:attachment":[{"href":"http:\/\/www.ienasaj.com\/index.php\/wp-json\/wp\/v2\/media?parent=775"}],"curies":[{"name":"wp","href":"https:\/\/api.w.org\/{rel}","templated":true}]}}